*w + w + r + 507. Is w a composite number?
False
Let z(w) = 278*w + 383. Is z(16) composite?
False
Suppose -10*o - 13*o = -50002. Is o a composite number?
True
Let z(p) = -p**2 - 11*p - 10. Let t be z(-9). Let c = t + -5. Suppose 3*m + 4*f - 58 = 0, c*m - 56 = -4*f - f. Is m a prime number?
False
Let n(v) = 198*v**2 - 28*v + 161. Is n(18) a composite number?
False
Is (-8)/((-56)/3) - 243130/(-35) prime?
True
Suppose -2*q + 5*r + 95 = 0, -q + 115 = 2*q - 2*r. Suppose d = 92 + q. Is d a composite number?
False
Let s(t) = 6*t**2 + 2*t + 3. Suppose -2 + 0 = 2*b + 4*i, 2*b - i + 7 = 0. Is s(b) a composite number?
True
Is -11 + -10 + 25 - 76716/(-2) a composite number?
True
Let u(k) = 47*k**2 + 6*k + 16. Let l be u(6). Suppose 3*w = l + 977. Is w composite?
False
Let a be 32/20*5 - (1 + 2). Suppose s - 3393 = -a*g, g - 3*s = -3*g + 2722. Is g prime?
False
Suppose h + 5*d = -0*h + 32, -2*h + 58 = 4*d. Let n(g) = -g**3 + 29*g**2 + 4*g - 23. Is n(h) prime?
True
Let b = 7 + -8. Is 2845/30 + b/(-6) prime?
False
Suppose -4*h + 39082 = 5*l, 2*l - 3 + 7 = 0. Is h a prime number?
False
Let a(m) = -m**2 - 7*m - 4. Let p be a(-8). Is 804/p*1*-1 a composite number?
False
Let v(f) = 52*f**3 - 6*f**2 + 8*f + 7. Is v(6) prime?
True
Suppose 0 = -5*k + 13*k - 250856. Is k composite?
False
Let r be ((1 + -1)/4)/(-2). Suppose 3*k - 27 = 5*y, 4*k - 36 = -r*y - 4*y. Suppose -4*c - 2825 = -k*c. Is c a prime number?
False
Suppose y - 18 = -5*m + 2, 4 = m + 4*y. Suppose 5*r - 1 = m. Is -35*1/(0 - r) composite?
True
Suppose -4*w - 5 = -2*f - 33, 3*w = -4*f + 10. Suppose v - w = -v. Suppose 1636 = v*q + q. Is q prime?
True
Let u be -5 - (0 + -4) - -3. Let r be 2/(4 - u) + 4. Let f(q) = 7*q. Is f(r) prime?
False
Let h = 852 + 3128. Suppose -3*p = 2*f - h, -p - 2 = -4. Is f a composite number?
False
Let v = 3 + 2. Suppose -616 + 1 = v*s. Is -1*4 - (s + 1) composite?
True
Suppose 7*u - 3887 - 7712 = 0. Is u a prime number?
True
Let h = 34300 - 24303. Is h composite?
True
Suppose -5*m = -8 - 12, 2*m = -5*a - 12. Suppose 0*k - 2*k = 2. Is k/a - 25390/(-40) composite?
True
Let a(o) = -63*o - 29. Let c(s) = 188*s + 86. Let x(k) = -14*a(k) - 5*c(k). Is x(-11) prime?
False
Suppose 66223 = -60*r + 675463. Is r a composite number?
True
Suppose -3*n + 25 = 5*l, -2*n + 3*l + 0 = -4. Suppose n*k - 178 - 732 = 0. Let f = 321 - k. Is f composite?
False
Let v(j) = j**2 + 8*j + 28. Let q be v(-19). Suppose 5*m - q - 3343 = -5*c, 5*m + 3*c - 3590 = 0. Is m a composite number?
True
Let p = -2333 + 6600. Let x = p - 2430. Is x a composite number?
True
Let k(r) = 27172*r + 67. Is k(1) a prime number?
True
Let p = -78 - -83. Suppose -2*g + 1178 + 2496 = -4*v, -p*v = -2*g + 3675. Is g a prime number?
False
Let c(u) be the second derivative of 401*u**4/6 + u**3/2 - 3*u**2/2 + 54*u. Is c(1) a prime number?
False
Suppose -11*y + 14*y = 2*f - 336451, -2*f + 336448 = -2*y. Is f composite?
True
Let l = 4901 - 1830. Let x = -2010 + l. Is x composite?
False
Let v = 10941 - 4318. Is v composite?
True
Suppose 4*u + 5*m + 24 = u, -2*u + 3*m + 3 = 0. Is 2/(4/u) + (-25562)/(-4) a prime number?
True
Let o(v) = 2*v + 30. Let h be o(-8). Suppose -3*w - 3883 = -h*w. Is w a composite number?
False
Let w = -284 + 518. Let k be 13/(-26) + w/(-4). Is (4 - (4 + k)) + -1 prime?
False
Let t = -18 + 19. Is 489 + (2 - (t - (1 + -4))) a composite number?
False
Let l(d) = -518*d**3 - 2*d**2 - d + 26. Is l(-3) a composite number?
False
Let y(g) be the first derivative of -3*g**2 + 3*g - 10. Let x be y(5). Is x/63 - 304/(-7) prime?
True
Let s(v) be the second derivative of 142*v**3/3 + 23*v**2/2 - v + 4. Is s(9) composite?
False
Suppose 85 = -4*k + 5. Let s = k + 9. Let v = s + 44. Is v a prime number?
False
Is 86847/(6 - (7 + -2)) a composite number?
True
Suppose 4*l = 2*t - 0*t - 22, 5*t + 29 = -4*l. Let z = -6 - l. Suppose 0 = -4*p + 2*m + 302, p - 4*m - 65 = -z*p. Is p a composite number?
True
Suppose 7*s - 2915 = 10602. Is s composite?
False
Suppose -24*d = 14*d - 74822. Is d a prime number?
False
Let q(d) = d - 8. Let r be 33/(-2)*(-4)/6. Let m be q(r). Suppose -m*g + 2*t = -57 - 46, -3*g - 2*t + 83 = 0. Is g prime?
True
Let t(y) = 2*y - 19. Let v be t(8). Let n(w) = 57*w**2 - 2. Is n(v) a prime number?
False
Suppose 5985 + 2367 = 8*k. Let z = k + -707. Is z composite?
False
Let x(v) = -41*v**2 + 2*v - 1. Suppose s + 8*s = 27. Let o be x(s). Is 3/12 + o/(-16) prime?
True
Let d(g) = g**3 - 19*g**2 + 16*g + 4. Let l be d(18). Let k = l - -55. Is k composite?
False
Let t(d) = -d + 1. Let z(c) = -1. Let v(u) = -5*t(u) - 6*z(u). Let m be v(6). Suppose -g + 114 = -m. Is g composite?
True
Let u(n) = -n + 10. Let b be u(6). Let h be 1 + (3 - (-2 + b)). Is 0/h + 163 + -2 composite?
True
Suppose 23*h = 21126 + 66895. Is h prime?
False
Let i(w) = -w**3 - 19*w**2 - 4*w + 8. Let g be i(-16). Let k = g + 1329. Is k composite?
True
Let a = 61 - 41. Let y be (a/25)/(1/1535). Suppose d - y = -3*d. Is d a composite number?
False
Let s be 0 - (1 - (7 + -2)). Suppose -133 - 221 = -j + s*r, -3*j = 3*r - 1077. Is j prime?
False
Suppose -z - 3*z = -2*h + 15826, 4*h = 5*z + 31646. Is h a prime number?
False
Suppose 0 = 3*q + 4 - 13. Suppose 4*v = q*g - g - 24, -4*g - 2*v = -18. Let x(o) = -o**3 + 8*o**2 + 5. Is x(g) a prime number?
False
Suppose 18733 = 4*x - 19575. Is x a prime number?
False
Suppose 4*h - 2*f - 9 = -f, 4*f = 4*h - 12. Suppose -697 = -h*t + 1021. Is t a composite number?
False
Suppose 1122*k = 1123*k - 19619. Is k prime?
False
Suppose -19 = -l + 44. Suppose -130 = -x - l. Is x composite?
False
Suppose 0 = 2*s + 10, -3*w + 4*s = 64639 - 183102. Is w a composite number?
True
Suppose 0 = 7*y - 10*y + 4*j + 5123, -3*y + 5125 = -2*j. Is y composite?
False
Let y = 2150 + -3029. Let w = -436 - y. Is w composite?
False
Let u(z) = -4*z**3 - 11*z**2 + 5*z - 4. Let b(i) = -9*i**3 - 20*i**2 + 12*i - 8. Let s(g) = 3*b(g) - 7*u(g). Suppose -5*l + 24 = 79. Is s(l) composite?
False
Let j be 17/3 + 24/(-36). Suppose 0*o - 5703 = -j*t + 2*o, 3*t + 3*o = 3405. Is t a composite number?
True
Suppose 3*j - j - 8 = 0. Suppose 363 = j*t - 865. Is t a composite number?
False
Let w = -83415 - -145598. Is w a composite number?
True
Let i be -2*(-2)/8 - (-138192)/(-32). Is ((-13)/26)/(1/i) a prime number?
False
Let y(s) = -22*s - 5. Let a(k) = 0 + 10 + 6 + 66*k. Let i(v) = -4*a(v) - 11*y(v). Is i(-4) a composite number?
False
Suppose 4*h + 172597 = 5*j - 7334, 3*j = h + 107953. Is j a prime number?
True
Let v be 0/(-1 - 1) + -339. Let l = 0 - -8. Let f = l - v. Is f composite?
False
Let c(y) = -18*y + 79. Let l be 11/55 + (-3)/((-15)/(-31)). Is c(l) prime?
False
Let g = -21 - -28. Let a(r) = 37*r + 21*r - 18*r + g*r. Is a(1) prime?
True
Let n = -68 - -74. Is (3 - 2) + n + 170 prime?
False
Is (-7 - -3 - (-168)/(-16))*-94 composite?
True
Let a(o) = -o - 5. Let h be a(4). Let r(c) = 2*c - 10*c + 22*c**2 + 13 - c**3 - 30*c**2. Is r(h) composite?
True
Let i = 34 + -12. Let s = 40 - i. Is 3376/6 - s/27 a composite number?
True
Suppose -3*z + 3*c + 21 = 0, -3*c + 3 = 5*z + 8. Let m be (11 - -106) + z/1. Suppose 564 = 5*g + m. Is g prime?
True
Let v = -1672 - -2580. Let y be 465 - (8/4 + -3). Suppose -j + 3*j - v = -2*u, u = 3*j + y. Is u composite?
False
Suppose 2*j - 45 = -3*l, 3*l + 34 = 3*j - 11. Let m = 1133 - j. Is m a composite number?
True
Let l(b) = b**2 + 6*b + 1. Suppose 0*i + 24 = 4*i. Let v be l(i). Let g = v - 20. Is g a prime number?
True
Let o(u) = 70*u + 7 - 40*u + 126*u. Is o(4) a prime number?
True
Let i(r) = -5*r - 20. Let y be i(-10). Suppose -152 = 26*n - y*n. Is n prime?
False
Suppose -14*d + 4*x = -16*d + 103406, -5*d + 258515 = 4*x. Is d a composite number?
True
Let n(m) = 58*m**3 + 3*m**2 - m + 1. Let u(w) = w**2 + 9*w + 17. Let j be u(-7). Let g be n(j). Let a = 2804 - g. Is a a prime number?
True
Suppose 0 = 5*j + 4*z + 5, -2*j - 4*z - 9 = 5. Is 1 - 0 - (-3492)/j a composite number?
True
Let f be (2/(-3))/(3/9). Is (-3 - -674) + (3 - f) + -3 composite?
False
Let n = -29390 - -51531. Is n a prime number?
False
Let j(t) = 2*t**3 + 12*t**2 + 2*t + 8. Let s = 13 - 19. Let y be j(s). Is y + (169 - (-2 - -6)) a prime number?
False
Is 8 + (-225)/30 - (-39123)/6 prime?
True
Let w(b) = 150*b - 8. Let q be w(6). Suppose 2*z = 2038 + q. Is z 